2)?
3
Let m = 1573 + 4617. What are the prime factors of m?
2, 5, 619
Suppose 0*q - 10 = -5*q. Suppose 32*k - 57 = 39 + 192. Suppose 924 = q*j + k*j. List the prime factors of j.
2, 3, 7
Let b = -917 + 12. Let h = 1715 + b. List the prime factors of h.
2, 3, 5
Let o(v) = v**2 + 15*v + 36. Let c be o(-11). What are the prime factors of c/((-32)/12) + 511?
2, 257
Suppose 128 = 5*k + 43. Let l = k - 13. Suppose 230 = l*f - v - 0*v, 0 = f - 4*v - 65. List the prime factors of f.
3, 19
Let b = 3594 + -2233. Let o = b - 814. What are the prime factors of o?
547
Suppose 92*f + 35*f + 1050042 = 4711706. List the prime factors of f.
2, 17, 53
Let x = -5985 + 26677. List the prime factors of x.
2, 7, 739
Let k(l) = 4*l - 7. Let i be k(5). Suppose i = 4*j - 7. Suppose -j*v + 115 = -430. What are the prime factors of v?
109
Let o = -1294 + 2123. Suppose -7*n - o = -6681. List the prime factors of n.
2, 11, 19
Let u = -192 + 208. Suppose 0 = 3*x + 5*a - 2712, 12*x + 3633 = u*x + a. What are the prime factors of x?
3, 101
Let a(x) = 15*x + 16. Let t be a(-5). Let k be t*((-2)/(-6))/(5/(-15)). List the prime factors of (-1 + 1)/2 + k.
59
Let b be 13/(26/(-4)) - -14. Let l(i) = 5 + 24*i + 1 - 29*i + i**2. What are the prime factors of l(b)?
2, 3, 5
Let f be (-20 - 0/1)*146/(-5). Suppose m - 8448 - f = 0. List the prime factors of 2/(-16) - 0 - m/(-64).
3, 47
Let t(o) = -o**3 + o**2 + o + 3640. Let a be t(0). Suppose 4*f = -2*b + b + a, -f + 903 = 2*b. What are the prime factors of f?
911
Let r = 2872 - 2344. List the prime factors of r.
2, 3, 11
Let p be 4/((-16)/512*(-1)/(-2)). Let w = p - -431. What are the prime factors of w?
5, 7
Suppose -5*v = 170*g - 173*g - 69933, 0 = v - 3*g - 14001. List the prime factors of v.
3, 59, 79
Suppose -65 = -4*z - 4*n + 79, 3*n = 0. What are the prime factors of (-10)/(40/z) + 1334?
5, 53
Let g(v) = 154*v + 9891. What are the prime factors of g(118)?
7, 19, 211
Suppose 0 = 5*d + 5*k, 3*k + 14 + 6 = 2*d. Suppose 0 = d*s - 89 + 9. Let x = 35 - s. What are the prime factors of x?
3, 5
Let k = -380 - -885. Let h = 143 + k. Suppose 0*c + 3*c = h. What are the prime factors of c?
2, 3
Suppose 7*s + 14*s + 714 = 0. Let q = s + 277. List the prime factors of q.
3
Let v be (3 + -2)/(-2)*-1436. Let w = v + -383. List the prime factors of w.
5, 67
Let z(j) be the first derivative of j**3/6 + 47*j**2/2 + 10*j + 5. Let t(o) be the first derivative of z(o). List the prime factors of t(0).
47
Let i(w) = -w**2 - 8*w + 8. Let x = -33 - -23. Let a be i(x). Let s = a - -21. What are the prime factors of s?
3
Let r be (((-3348)/16)/(-9) + 3)*4. Suppose 4*c - 4*n - 492 = 0, -2*n - r - 262 = -3*c. List the prime factors of c.
11
Let p(m) = 61*m + 223. Let t(b) = 31*b + 111. Let n(w) = 3*p(w) - 7*t(w). What are the prime factors of n(-7)?
2, 5, 13
Let f(x) = 4*x**3 + 7*x**2 - 33*x + 993. List the prime factors of f(21).
3, 13477
Let u(q) = -15*q**2 - 8*q - 5. Let x(d) = -13*d**2 - 7*d - 5. Let j(f) = 5*u(f) - 6*x(f). What are the prime factors of j(7)?
2, 83
Let n be 3 - 26/10 - 542630/(-50). Suppose 0 = 24*v - n + 989. List the prime factors of v.
3, 137
Let q be 3/((-2)/((-20)/38) - 4). Let l(c) = -12*c - 108. List the prime factors of l(q).
2, 3
Let b(y) = -2*y**2 - 16*y - 19. Let z be b(-6). Suppose -r + 5*r = 3*i - 322, -z*i + 4*r + 526 = 0. What are the prime factors of i?
2, 3, 17
Let w(r) = 2*r - 31. Let q be w(17). Suppose t - 3 = i + 2, 2*t = -q*i + 5. Suppose 2*x + 52 + 50 = t*a, 3*a - 5*x = 80. What are the prime factors of a?
5
Let h(v) = 14950*v - 762. List the prime factors of h(1).
2, 3547
Suppose 2*l - 2*m = 18772, 143*l + 2*m = 140*l + 28153. List the prime factors of l.
5, 1877
Let d(v) = -2*v**2 + 38*v + 45. Let h be d(20). Suppose -5*w = h*a - 2576 - 6869, w - a = 1889. List the prime factors of w.
1889
What are the prime factors of 2/(-5)*(-1393)/28*190?
19, 199
Let g be (0 - -13) + -44 + 45. Let n = -13 - -3. List the prime factors of (-16)/n*385/g.
2, 11
Let h be 7800/(-9) + -1*(-1)/(-3). Let o be (h/34)/(6/(-4)). Suppose 22*i = o*i + 805. What are the prime factors of i?
7, 23
Suppose 20*k - 4 = 16. Let l be 1/(k/6)*66/44. Suppose 5*g = l*g - 636. What are the prime factors of g?
3, 53
Let h(y) be the third derivative of -y**5/60 - 7*y**4/12 + 10*y**3/3 + 10*y**2. Let p be h(-15). Suppose -78 + 428 = p*z. What are the prime factors of z?
2, 5, 7
Let v = -372 + 265. Let h = v + 170. What are the prime factors of h?
3, 7
Let j = 66026 - 20166. What are the prime factors of j?
2, 5, 2293
Let j(w) = -w**3 + 23*w**2 + 21*w + 78. Let o be j(24). Suppose 0 = 3*k + 12, 0 = 9*m - o*m - k - 1936. What are the prime factors of m?
2, 7, 23
Suppose -5*m + z + 85 = -96, -z + 107 = 3*m. Let c = m + -7. Let f = -23 + c. List the prime factors of f.
2, 3
Suppose 134803 = 2*v + 59*i - 62*i, -4*i = 5*v - 337042. What are the prime factors of v?
2, 33703
Let c = 11435 - 4439. List the prime factors of c.
2, 3, 11, 53
Let d(g) be the third derivative of -g**6/120 + g**5/30 - g**4/8 + 11*g**3/6 + 3*g**2 - 12. What are the prime factors of d(0)?
11
Let d = 18403 - 6048. What are the prime factors of d?
5, 7, 353
Let x be ((-4)/(-4) + -7)/(-4)*4. Let m be (-25)/x + (-11)/(-66). Let c(d) = 5*d**2 + 4*d + 1. What are the prime factors of c(m)?
5, 13
Suppose -2*n - 6 = -3*v, 5 - 41 = 5*n + 3*v. What are the prime factors of 7 + 3 + (n - -832)?
2, 11, 19
Let p be 101 - (2 - 3) - 1. Suppose -4*a + 3*x = -119, -23 = -4*a + 4*x + p. Suppose 5*j - a = 4*h, -5*h - 14 = j - h. List the prime factors of j.
2
Let c = -80 + 82. Let v be (-13 + 15)/((-3)/((-105)/c)). Suppose 0 = -y + v + 51. What are the prime factors of y?
2, 43
Let y be (-2)/(-6) + (-366)/18. Let l be (165/y)/(6/(-8)). Let f = l + 46. What are the prime factors of f?
3, 19
Let m = 99 - -435. Let i = m - 97. What are the prime factors of i?
19, 23
Let q(h) = -h**3 + 188*h**2 + 173*h + 990. What are the prime factors of q(188)?
2, 13, 1289
Let n = -333 + 346. What are the prime factors of -52*-2*(n - 0)?
2, 13
Suppose 4*k = 5*m - 4, -k + 2*m - 4 = -0*m. Suppose 0 = -5*b + k*n + 3386 - 845, 0 = -3*b - 3*n + 1530. What are the prime factors of b?
509
Suppose 5*p + 64609 = -53*r + 56*r, -107665 = -5*r + 5*p. List the prime factors of r.
2, 3, 13, 23
What are the prime factors of 4/7*(-964544)/(-256)?
2153
Suppose 17*c = 69 - 273. What are the prime factors of -2 + (-5523)/c - (-1)/(-4)?
2, 229
Let l be ((-2)/2)/(4/(-8)). Let o(n) = 44*n**3 + n**2 - 4*n. List the prime factors of o(l).
2, 3, 29
What are the prime factors of (429/(-26))/(6/432*-4)?
3, 11
Let f = 3158 - -5495. List the prime factors of (0 + (2 - 1))/(17/f).
509
Let b be (-120)/9*1*258/4. List the prime factors of ((-645)/b)/((-2)/(-1504) - 0).
2, 3, 47
Let j(k) = k**2. Let r(n) = 7*n**2 - 5*n + 7. Let x(i) = -5*j(i) + r(i). Let d = -19 - -27. What are the prime factors of x(d)?
5, 19
Suppose 85*q = 221*q - 506260 - 37196. What are the prime factors of q?
2, 3, 37
Suppose 0 = 4*w + 3*s - 40374, -7093 - 3007 = -w - 4*s. What are the prime factors of w?
2, 3, 29
Let n be (-6)/8*18/(-27)*2572. Let u = n - 844. What are the prime factors of u?
2, 13, 17
Let x be -4 - (1/(-3) - (-6)/18). Let l(m) = -2*m**3 - 4*m**2 + 8*m + 16. List the prime factors of l(x).
2, 3
Suppose 0 = 21*s - 28*s + 231. Suppose 0 = 4*k - 509 - 91. Let r = k - s. What are the prime factors of r?
3, 13
Suppose -5*x + 7*x - 14 = 0. Let i be 800/(-28) - (-4)/x. Let z = i + 53. List the prime factors of z.
5
List the prime factors of (2 - 0)*(25 - -41468).
2, 3, 13831
Let h(m) = -2*m**2 + 10*m. Let j be h(9). Let z = 104 + j. Suppose -w = -104 + z. List the prime factors of w.
2, 3
Let j(c) = -491*c + 2705. What are the prime factors of j(-3)?
2, 2089
Let k be 1/3*-2*(-3)/(-2). Let c be (-294)/(-15) + k + 7/5. Suppose c - 212 = -3*l. List the prime factors of l.
2
Suppose 2*q + 40404 = 35*q - 27*q. List the prime factors of q.
2, 7, 13, 37
Suppose 13845 = 52*g + 39845. Let x = g - -1156. What are the prime factors of x?
2, 41
Let r be 6 + (26/22 - 16/88). Let q(w) = -r + 6 + 21*w - 7 - 2. What are the prime factors of q(2)?
2
Let u(i) = 8 + 12*i + 2 + 16. Suppose 15*c - 56 - 34 = 0. What are the prime factors of u(c)?
2, 7
Suppose 5*h - 175 + 3 = 4*v, 0 = h + 5*v